h) = -h**3 - 11*h**2 + 268*h + 1187. What is f(-4)?
3
Let o(c) = -31808*c - 286764. What is o(-9)?
-492
Let o(h) = 15*h**2 + 1549*h + 1942. What is o(-102)?
4
Let f(l) = 27*l**2 - 237*l - 237. Calculate f(-1).
27
Let f(q) = 116993*q + 467979. Determine f(-4).
7
Let h(l) = -54*l**2 + 2701*l - 2837. What is h(49)?
-142
Let m(d) = d**3 + 10*d**2 - 102*d - 397. Calculate m(-13).
422
Let d(z) = 47*z**2 - 7238*z + 7206. Calculate d(153).
15
Let p(x) = x**2 + 372975*x + 3356690. Determine p(-9).
-4
Let y(f) = -32*f**2 + 1295*f - 9756. What is y(10)?
-6
Let q(h) = -2*h**3 - 57*h**2 - 499*h + 43. Calculate q(-15).
1453
Let n(c) = -c**3 - 8*c**2 - 27*c - 22. Determine n(-5).
38
Let z(b) = -774*b**2 - 13166*b - 132. Calculate z(-17).
4
Let q(j) = -7*j**2 - 228*j - 458. Give q(-2).
-30
Let h(s) = -s**3 - 22*s**2 - 43*s - 23. Calculate h(-17).
-737
Let g(a) = 86*a**3 - 3274*a**2 + 229*a - 22. Determine g(38).
16
Let k(p) = -4*p**3 + 99*p**2 - 59*p + 571. Calculate k(24).
883
Let r(w) = 19*w**2 + 2117*w + 643. Calculate r(-111).
-245
Let h(c) = c**3 + 199*c**2 + 2161*c + 968. Give h(-11).
-55
Let q(u) = -u**3 + 47*u**2 + 1157*u + 41. Determine q(-18).
275
Let x(f) = 2*f**2 + 190*f + 2031. Give x(-10).
331
Let c(k) = -2484*k + 1371162. Give c(552).
-6
Let y(r) = -633*r - 104436. What is y(-165)?
9
Let p(a) = -3807*a**2 - 1694117*a - 887. Give p(-445).
3
Let i(b) = 83436*b + 250329. What is i(-3)?
21
Let w(d) = 2*d**3 + 3*d**2 + 269*d + 821. Determine w(-3).
-13
Let p(n) = n**3 + 106*n**2 - 2508*n + 1507. What is p(-126)?
-5
Let x(r) = -65149*r - 325749. Determine x(-5).
-4
Let t(m) = -m**3 - 109*m**2 + 5582*m + 168. What is t(38)?
16
Let o(p) = -p**2 - 280*p - 4406. Determine o(-267).
-935
Let c(u) = -u**3 + 9*u**2 - 13*u - 44. Calculate c(6).
-14
Let u(f) = 105325*f - 2422565. What is u(23)?
-90
Let h(z) = -z**3 - 141*z**2 + 10286*z + 881. Determine h(-194).
105
Let u(p) = p**3 + 55*p**2 - 1831*p - 2898. Determine u(-78).
-12
Let h(m) = -69372*m - 693701. What is h(-10)?
19
Let k(g) = 2*g**3 + 15*g**2 + 97*g - 734. Calculate k(8).
2026
Let y(l) = -l**3 + 70*l**2 - 182*l + 2361. What is y(69)?
-5436
Let h(o) = o**2 - 175*o - 17485. What is h(246)?
-19
Let k(q) = 13152*q - 249884. What is k(19)?
4
Let o(s) = 4*s**2 + 8104*s - 841494. Give o(99).
6
Let l(j) = 157044*j + 471138. Give l(-3).
6
Let p(a) = -1242*a + 4740. Give p(4).
-228
Let f(j) = 2*j**3 - 3*j**2 + 719*j + 7088. Calculate f(-8).
120
Let z(a) = a**3 + 23*a**2 + 1534*a + 33202. Give z(-22).
-62
Let b(v) = -179*v**2 + 8*v + 714. Determine b(-2).
-18
Let g(a) = -3*a**3 + 38*a**2 + 1281*a + 569. Give g(-15).
29
Let a(o) = -409*o - 43740. Determine a(-107).
23
Let z(o) = -2*o**3 - 122*o**2 + 320*o - 4089. Determine z(-64).
7
Let c(k) = 1543634*k + 7718154. Calculate c(-5).
-16
Let o(d) = 1556*d**3 - 9*d**2 + 34*d + 42. What is o(-1)?
-1557
Let c(k) = -3*k**2 - 560*k + 3927. Determine c(7).
-140
Let x(y) = 460485*y - 11512139. What is x(25)?
-14
Let j(n) = 11*n**3 + 241*n**2 - 480*n - 12. Calculate j(2).
80
Let f(v) = 2*v**3 - 3036*v**2 + 24151*v + 78. What is f(8)?
6
Let y(s) = -38*s - 6174. What is y(-131)?
-1196
Let o(p) = 232*p**2 - 12067*p - 100. Calculate o(52).
-256
Let u(o) = -3395125*o + 20370757. Calculate u(6).
7
Let g(a) = -144*a**2 + 3047*a - 480. Determine g(21).
3
Let m(f) = -f**3 + 449*f**2 + 82*f - 36854. Give m(449).
-36
Let w(c) = -c**2 + 458*c - 48995. Calculate w(289).
-154
Let g(k) = 2*k**3 - 133*k**2 - 1023*k + 77. What is g(-7)?
35
Let a(h) = 439344*h - 7468847. Determine a(17).
1
Let b(l) = 110*l - 699. Give b(0).
-699
Let h(g) = -4*g**2 + 93*g + 1372. What is h(-7)?
525
Let y(t) = 87*t - 7065. Give y(106).
2157
Let b(l) = l**2 - 57293*l + 8001423. Give b(140).
3
Let b(j) = 6*j**2 - 2649*j + 1570. What is b(441)?
247
Let s(p) = 1920*p + 1852. What is s(-1)?
-68
Let p(w) = -507*w + 785. Calculate p(3).
-736
Let n(p) = 2*p**3 - 172*p**2 - 7262*p + 932. Determine n(117).
-4
Let v(f) = f**2 - 42522*f - 3621561. Determine v(-85).
34
Let r(h) = 7*h**2 + 218*h - 994. Determine r(4).
-10
Let c(x) = -x**2 + 4010*x + 104923. Calculate c(-26).
-13
Let b(o) = -4637*o**2 - 296773*o - 323. What is b(-64)?
-3
Let l(q) = -525035*q - 2100141. What is l(-4)?
-1
Let f(w) = 144*w**2 + 1674*w + 3727. Calculate f(-3).
1
Let j(b) = -3456*b - 3495. Determine j(-1).
-39
Let w(y) = -100*y**3 + 18*y**2 + 8*y - 11. Determine w(3).
-2525
Let h(n) = n**2 + 154*n + 2889. Determine h(-20).
209
Let r(k) = -2*k**3 + 189*k**2 - 92*k - 337. Give r(94).
-149
Let u(n) = -52149*n - 156449. Give u(-3).
-2
Let o(m) = -m**3 - 5*m**2 + 123561*m + 741326. Determine o(-6).
-4
Let c(s) = -32*s**2 - 1636*s + 1459. Give c(-52).
3
Let i(f) = 5*f**3 - 57*f**2 + 57*f - 312. What is i(11)?
73
Let l(s) = s**3 - 28*s**2 - 641*s - 2281. What is l(-5)?
99
Let s(k) = -351*k - 14190. What is s(-41)?
201
Let z(g) = 76604*g - 1532063. Determine z(20).
17
Let y(m) = 11*m**2 + 1645*m + 7954. Determine y(-5).
4
Let p(d) = -d**3 - 293*d**2 + 15597*d - 139. Calculate p(46).
-1
Let q(g) = 3121*g - 71779. Give q(23).
4
Let t(i) = 6*i**2 + 48893*i - 293588. Give t(6).
-14
Let o(u) = u**3 - 55*u**2 + 696*u - 236. Determine o(19).
-8
Let t(b) = -19*b**2 + 192*b + 2653. Determine t(18).
-47
Let c(y) = -348*y**2 + 5576*y - 20. Give c(16).
108
Let m(l) = -l**3 - 124*l**2 - 261*l - 291. Calculate m(-122).
1783
Let z(m) = -m**2 - 4103*m - 2997580. Give z(-951).
-28
Let u(b) = 2*b**3 - 16*b**2 + 227*b - 1785. Give u(8).
31
Let w(h) = -101*h + 5821. Determine w(57).
64
Let r(t) = t**3 + 33*t**2 - 45*t - 37. Calculate r(-34).
337
Let k(j) = 7987*j - 9209. What is k(1)?
-1222
Let c(d) = 407*d - 93926. Give c(231).
91
Let j(g) = -192*g**2 + 30252*g + 13263. Determine j(158).
-9
Let d(v) = -26494*v - 4398005. Give d(-166).
-1
Let i(w) = -86*w**2 + 8263*w + 8265. Give i(-1).
-84
Let t(n) = n**3 + 57*n**2 + 464*n + 22845. Determine t(-56).
-3
Let m(v) = -12453*v + 67986. Calculate m(5).
5721
Let k(r) = -433*r - 528. Calculate k(3).
-1827
Let d(j) = 4843*j + 184022. Calculate d(-38).
-12
Let s(j) = 37948*j - 683072. Give s(18).
-8
Let u(t) = t**3 + 44*t**2 + 461*t - 36. What is u(-29)?
-790
Let t(m) = m**2 - 587*m - 4148. Calculate t(-7).
10
Let q(g) = 4115*g - 24781. Give q(6).
-91
Let i(p) = -p**2 + 1640*p - 370617. What is i(271)?
382
Let n(y) = 24*y**2 - 321*y + 59. Determine n(17).
1538
Let g(t) = t**3 + 800*t**2 - 655*t + 116938. Calculate g(-801).
-8
Let q(k) = k**3 - 635*k**2 + 2507*k + 10461. Calculate q(631).
-266
Let q(l) = -l**2 + 55843*l + 949626. Calculate q(-17).
6
Let p(y) = y**3 - 179*y**2 - 979*y + 175142. Calculate p(179).
-99
Let r(h) = h**3 - 502*h**2 + 984*h + 8010. Calculate r(500).
10
Let d(g) = 25*g**2 - 69*g - 15. Give d(-2).
223
Let m(v) = -29*v**2 - 2579*v + 2804. What is m(-90)?
14
Let p(o) = 19*o**3 - 3168*o**2 - 831*o - 626. What is p(167)?
42
Let c(j) = -6*j**3 - 121*j**2 + 2*j + 422. What is c(-20)?
-18
Let v(t) = -5510*t + 5666. What is v(1)?
156
Let d(i) = -3*i**2 - 17*i + 10391. Give d(56).
31
Let w(r) = -221*r + 5655. Determine w(27).
-312
Let f(r) = r**2 - 700*r + 109818. Calculate f(449).
-2881
Let k(q) = -12*q**2 - 2297*q - 9346. Calculate k(-187).
565
Let k(b) = -692758*b - 6234832. Give k(-9).
-10
Let b(r) = 5*r**2 - 742*r - 297082. Determine b(329).
5
Let p(v) = 126695*v - 8741947. Give p(69).
8
Let u(c) = -16*c**3 - 333*c**2 + 50*c - 270. What is u(-21)?
3
Let b(i) = 3*i**3 + 391*i**2 - 259*i + 400. Give b(-131).
7
Let i(w) = -221*w + 1098. Give i(9).
-891
Let z(a) = 262*a**2 - 35381*a + 1485. Give z(135).
0
Let j(c) = -450*c - 41553. Determine j(-75).
-7803
Let h(a) = -15*a**3 + 3*a**2 - 75*a + 149. Calculate h(2).
-109
Let d(w) = -w**2 + 8911*w + 71346. Determine d(-8).
-6
Let r(x) = 162*x**3 - 7*x**2 + 181*x + 640. What is r(-3)?
-4340
Let x(z) = 38*z - 1431. Give x(42).
165
Let l(n) = 73810*n + 295268. Determine l(-4).
28
Let g(u) = u**3 - 20*u**2 - 153*u - 117. Give g(19).
-3385
Let m(o) = o**3 + 103*o**2 - 3365*o - 346581. Calculate m(-103).
14
Let j(q) = -955*q - 2840. Calculate j(-3).
25
Let j(n) = -n**3 - 472*n**2 - 5065*n + 1895. Calculate j(-461).
-871
Let s(r) = 109153*r + 1200670. What is s(-11)?
-13
Let g(d) = -32914*d**2 - 1579872*d - 3. Calculate g(-48).
-3
Let w(a) = -2*a**2 + 84*a - 371. Give w(